ose 5*u - 10 = -4*i, -4*u - 2 + 10 = 3*i. Suppose -24*f + 23*f = -2. Let b(x) = -2 + i + 8*x - 4 - x**f. Give b(6).
6
Let d(h) = -h**2 + 7*h - 6. Let q be 2/(-3)*(21 + -1 + -2). Let b be (q - -10)*-1*3*1. Determine d(b).
0
Let j(b) = b**3 - 5*b**2 - 4*b - 6. Suppose -3*g - 7 - 26 = 0. Let c = 14 + g. Suppose -m - 2*m + c*d = -30, -m - 2*d - 2 = 0. What is j(m)?
6
Let s(i) = -1 + 9751*i - 8*i**2 - 9745*i + 5 + i**3. Determine s(7).
-3
Let p = 644 - 643. Let t(j) = -16*j**3 + 2*j**2 - j. Give t(p).
-15
Let q(y) = 2 - y - y - y. Suppose -124 = 7*i + 44. Let w be 2/(-1) - -10 - i/(-8). Give q(w).
-13
Let n(c) = c - 2. Suppose p + 2 = -s, -s - 4 = -3*p + 6. Let t be n(p). Let m(i) = -i**2 + i - 8. Determine m(t).
-8
Suppose 0 = 5*g - w + 72, g + 0*g + 30 = -5*w. Let v(b) = -b + 1. Calculate v(g).
16
Let c(y) = 114*y - 111. Let q be c(1). Let s(v) be the first derivative of 0*v**2 - 1/3*v**q + v - 4. What is s(-2)?
-3
Let m(z) = 4*z**2 - 5. Let j(l) = -5*l**2 + 6. Let f(r) = -5*j(r) - 6*m(r). Suppose -2*v + u - 4 = 0, -3*u = -8*u. Let s be ((-6)/2)/(v/2). Determine f(s).
9
Let o be -5*(-7)/15*3. Let m(q) = -q + 1. Calculate m(o).
-6
Let b = 596 + -593. Let n(f) = f**2 - 5*f. Let a(u) = u**2 - 5*u. Suppose -w - 1 = -4. Let p(s) = w*n(s) - 4*a(s). Calculate p(b).
6
Let k be -2 - (-2 + 6 - 1). Let i(p) be the second derivative of 5/12*p**4 + 2*p**2 + 1/6*p**3 + 1/20*p**5 + 0 + 2*p. What is i(k)?
-1
Let w(a) = a**3 - 4*a**2 - 5*a - 2. Let z = -9 - -14. Let b be w(z). Let n be (b/6)/(1/(-15)). Let i(r) = -r**3 + 5*r**2 + 5. Give i(n).
5
Let j(h) = -5*h - 3. Let q = 29 - 26. Determine j(q).
-18
Let c(u) be the first derivative of -u**5/60 + 7*u**4/24 + u**3/3 + 2*u**2 + 7. Let s(z) be the second derivative of c(z). Give s(5).
12
Let o(b) = -5*b**3 - 15*b**2 + b + 3. Let t = 46 + -42. Let a(v) = -3*v**3 - 8*v**2 + 2. Let l(c) = t*o(c) - 7*a(c). Give l(2).
-2
Let n = 78 + -79. Let o(p) = -2*p - 3. Let c be o(n). Let m(h) = -13*h**3. Determine m(c).
13
Let f(p) = p**2 + 7*p + 12. Let u be f(-6). Let m(z) = -3 - z**2 + z + 5*z + 3*z. Calculate m(u).
15
Let y(n) = n**3 - 4*n**2 + n - 3. Suppose 239*j = 237*j + 6. Give y(j).
-9
Let j(p) = p**2 + 6*p - 6. Let v = 9 - 1. Let i = v - 15. Determine j(i).
1
Let d(q) = -q**2 - 17*q - 19. Let m(w) = w**2 + 19*w + 20. Let t(i) = 4*d(i) + 3*m(i). What is t(-9)?
2
Let x(p) = -p**2 - 4*p + 2. Let n = 11 + -6. Suppose n*a - 32 = a. Let d be 1 - ((-4)/4 + a). Calculate x(d).
-10
Let n(r) = r**2 + 5*r - 5. Let u = -96 + 106. Suppose 3*x + u + 8 = 0. Calculate n(x).
1
Let i(c) be the third derivative of -c**6/40 - c**5/60 - c**4/24 - 418*c**2. Let t(q) = -q**2 + 6*q + 1. Let a be t(6). Let u = -2 + a. Determine i(u).
3
Let d(o) = -o**2 + 7*o - 5. Suppose -4*y + 68 = -2*y. Let s = y - 28. Suppose 5*i = 4*i + s. Give d(i).
1
Let h be ((-50)/20)/(1/(-2)). Let d(f) = 2*f + 2. Calculate d(h).
12
Let w(k) = k**2 - 1. Let x be 2/9 - (-644)/(-63). Let g be x/(-4)*28/35. Suppose 3*b - 5 = -g*b. Calculate w(b).
0
Suppose 9 + 7 = 4*w. Suppose k = -w*k + 15. Suppose 4*h + 0*h - 15 = -x, 2*h = -5*x + k. Let c(r) = -3*r + 1. Give c(x).
4
Let w(i) = 2*i. Let r(z) = -5 + z + 2 + 2 + 2. Let l(t) = -3*r(t) + 2*w(t). Let v(p) = -1. Let m(f) = l(f) - 4*v(f). Calculate m(3).
4
Let m(g) = -19*g**3 + 2*g**2 - 10*g + 1. Let t(k) = 3*k**3 + k**2 - 1. Let a(z) = m(z) + 6*t(z). What is a(5)?
20
Let u(z) = -7 + 3 - 2 + 1 - 2*z. Suppose -4*t - 16 = 2*g, -5*g - t + 2*t = -15. Suppose 0 = -k - 2 - g. What is u(k)?
3
Let j(i) = 2*i + 3. Let g(w) = -w - 1. Let c(d) = 15*g(d) + 6*j(d). Let s(f) = f + 1. Let k(q) = c(q) + 4*s(q). What is k(-9)?
-2
Let c(n) = 3*n - 20. Let p(l) = l - 7. Let s(i) = -6*c(i) + 17*p(i). Let t be 24/(-60) + 0 + 6/15. Determine s(t).
1
Let i(r) = -3*r - 5. Suppose -117 = -5*c + 4*q, -3*q = 5*c - 4*q - 108. Let l be (-4)/6 - (-35)/c. Let a = l - 5. Give i(a).
7
Let v(i) = i**3 - i**2 - 1. Let c(g) = 4*g**3 - 5*g**2 - g. Let q(f) = c(f) - 2*v(f). Let z be 36/14*(-32)/24*7. Let d = z + 26. What is q(d)?
4
Let p be 8/(-28) + 38/(-14). Let s(h) = -10 + 7 + 7 - 3*h - 5. What is s(p)?
8
Let i(n) = -19 - 11 + 43 + 11*n - 16. Give i(-4).
-47
Let y = -8/133 + 979/798. Let a(q) be the third derivative of -q**2 + 1/24*q**4 + 0*q + 0 + y*q**3. Calculate a(0).
7
Let a(d) = -75 + 2*d**2 + 12*d**3 + 74 - 13*d**3. Suppose 4*r - 2*r = -8, -28 = -4*m + 2*r. Let n = -2 + m. Determine a(n).
-10
Let d(c) = -4*c - 31. Let p(f) = -4*f - 25. Let q(r) = 3*d(r) - 4*p(r). What is q(-5)?
-13
Suppose 0 = d + 36 - 2. Let r = -40 - d. Let x(f) = -4*f + 1. Let h(q) = q - 1. Let j(k) = -3*h(k) - x(k). What is j(r)?
-4
Let k(f) = -9*f - 7. Let q = 2072 + -2077. Determine k(q).
38
Let v(z) = -11*z**2 - 10*z + 4. Let n(l) = 5*l**2 + 5*l - 2. Let b(t) = -13*n(t) - 6*v(t). Suppose -5 = -p + 10. Let f = -10 + p. Determine b(f).
2
Let k(g) = g. Let f = 667 + -671. Give k(f).
-4
Let x(m) = m**2 - 3*m - 23. Let a = 1115 - 1108. Calculate x(a).
5
Let n = -618 - -629. Let b(y) = -y + 7. What is b(n)?
-4
Let w(m) = 2 - 5*m**3 + 7*m**3 + m - 12*m**2 + 14 - 3*m**3. Give w(-12).
4
Suppose -6*w - 36 = -48. Let r(x) = -w*x**3 - x**2 - 23*x + 1 + 23*x + 3*x**2. Let s be (-4)/(-3)*6/4. Calculate r(s).
-7
Let o(k) = -k**2 + 3*k - 2. Let i be (-104)/(-10) - ((-36)/15)/(-6). Let s be 1/5 - (-28)/i - 0. Give o(s).
-2
Let w be 156/30 - 5 - 95/(-25). Let v(c) = -c**2 + 5*c + 3. What is v(w)?
7
Let p be (-9 + (13 - 8))/(0 + -2). Let o(z) be the first derivative of z + 5 + 3/2*z**p. What is o(-4)?
-11
Let i(o) be the second derivative of o**4/4 + 11*o**3/6 - 3*o**2/2 + 2*o + 111. What is i(-4)?
1
Suppose 3*i = -2*a + 13, -2*a = a + 3*i - 24. Suppose 26*k = 12*k + 28. Let g(r) = -r**k - a*r**3 + 0*r + 2*r - 3 + 2 + 0*r. Calculate g(1).
-11
Let d(c) be the first derivative of 1/6*c**3 - 13 + 3*c**2 - 1/30*c**5 + 0*c - 1/12*c**4. Let q(k) be the second derivative of d(k). What is q(1)?
-3
Suppose 0 = -l - 6 + 6. Let a be (-1 - (-3 - (-24)/3)) + l. Let n(j) = -4*j - 7. What is n(a)?
17
Let i(m) = -m - 2. Let d(a) = 2*a + 22. Let g be d(-7). Let j(b) = 2*b + 9*b - g*b + 4 + 2*b. Let f be j(-2). Determine i(f).
4
Suppose z = -3, -9*z = -l - 13*z - 7. Let d(j) be the third derivative of -j**6/120 + j**5/10 - 7*j**4/24 + 7*j**3/6 - j**2. Determine d(l).
-3
Let u(z) = -2*z + 11. Let t = -40 + 32. Let w be (6/(-4))/(t/(-384)*-9). Calculate u(w).
-5
Let y = 2 + -1. Let k(g) = -3 - y + 6 + g. Let l(p) = 2*p**2 - 7*p + 6. Let n be l(2). Give k(n).
2
Let v = 91 + -88. Let g(c) be the second derivative of 0 - c - 1/2*c**2 - 1/3*c**v. Determine g(-2).
3
Let n(l) = -l**2 - 5*l - 2. Let m(h) = 4*h**2 + 6*h**2 - 8*h**2. Let a be m(1). Suppose a*o - 4*s - 6 = 0, -4*o - 23 = s - 8. Determine n(o).
4
Let w(p) = -2*p**3 - 15*p**2 - 28*p + 4. Let v be w(-4). Let x(b) = -3*b + 13. Calculate x(v).
1
Let l(h) = -2*h**2 - 2*h. Suppose 0 = 20*n + 43 + 17. Calculate l(n).
-12
Let l(p) be the second derivative of p**4/3 - p**3/6 + 107*p. Let r be (-5)/4 - (-5)/20. Calculate l(r).
5
Let h(f) = -7*f + 20. Suppose -5*l - 2*r = -2*l - 5, -2*l - 2*r = -2. Let o be h(l). Let u(t) = -4*t**3 + 2*t + 1. Calculate u(o).
3
Let t(c) = 2*c - 8. Suppose 445 = 13*w + 354. What is t(w)?
6
Let h(a) = -a**3 - a + 7. Let v be 0 + 2 + -3 + -1. Let n be 3 + 12/(v - 2). Calculate h(n).
7
Let a(j) = -3*j**2 + 4*j**3 - 29 - 3*j**3 + 10 + 12. Give a(4).
9
Let x be 1 - (-2)/(2/7). Suppose 5*l = x*l - 9. Let t(v) = v**2 - 4*v. Calculate t(l).
-3
Suppose 79 = -6*u + 103. Let z(t) = -t**2 + 3*t + 1. Determine z(u).
-3
Let p(v) be the second derivative of v**4/12 - 5*v**3/3 - 7*v**2/2 - 161*v. What is p(9)?
-16
Let j = -2001 - -1999. Let l(y) = 2*y**3 + 2*y**2 - 2. What is l(j)?
-10
Let p(y) = -4*y + 1. Let d(h) = 14*h + 1. Let n(o) = -d(o) - 3*p(o). Give n(0).
-4
Let i(l) = 108*l**2 - l**3 - 2*l + 2*l - 112*l**2 + 3. Calculate i(-3).
-6
Let m(a) = 1 + 14*a**2 + 3 - 3*a**3 - 9 + 2*a**3 - 11*a - 6*a**2. Calculate m(6).
1
Let k = 53 - 37. Let o(r) = k*r - 18*r + 2 - 7. Calculate o(5).
-15
Let y(p) = p + 3. Let q(u) = u + 3. Suppose n - 4 = -0. Let t(l) = n*y(l) - 6*q(l). Calculate t(-7).
8
Let v(r) = -124*r - 98. Let l(i) = 23*i + 20. Let c(o) = -16*l(o) - 3*v(o). Give c(10).
14
Let f = 143 - 140. Let u(v) = -v**3 - v**2 - 3*v - 2. Determine u(f).
-4